04. List the prime factors of k.
2, 17
Let m(x) = x**3 + 11*x**2 - 14*x - 22. What are the prime factors of m(-12)?
2
Let x(j) = 25*j**2 + 6*j - 7. List the prime factors of x(3).
2, 59
Suppose 4*y - 62 = 342. List the prime factors of y.
101
What are the prime factors of ((-6)/24)/((-2)/296)?
37
Suppose 2*r - 78 = -4*r. List the prime factors of r.
13
Let o be 1 + 0 + 2 + -3. What are the prime factors of 0 + o - -16 - -1?
17
Let q = 10 + -20. Let s = q + 12. What are the prime factors of s?
2
Suppose -4*w - 4*j + 108 = 0, -4*w = -4*j - j - 81. List the prime factors of w.
2, 3
Let b be (-6 - 0)*4/6. Let g = b - -12. What are the prime factors of g?
2
Suppose o + 40 = -3*o. Let s = o + 17. List the prime factors of s.
7
Suppose -2*x - x = 3*c - 21, 0 = -2*c + x + 8. Suppose 29 = c*w - 6. Suppose w*k - 3*k = 48. List the prime factors of k.
2, 3
Suppose 6*v - 53 = 31. Suppose v + 4 = 3*f. List the prime factors of f.
2, 3
Let f(h) = -23*h. Let a(z) = -z**2 + 7*z - 7. Let v be a(6). List the prime factors of f(v).
23
Let j = 10 - 1. Let b(q) = 11*q**2 - 3*q**3 - 2*q**2 + 2*q**3 + 11. List the prime factors of b(j).
11
What are the prime factors of (4 - (-36)/(-8))*-212?
2, 53
Suppose 464 = -s + 5*s. Let q = -67 + s. What are the prime factors of q?
7
Suppose 0 = -4*q - 5*s + 25, -s = 5*q + 2*s - 28. Suppose 4*u - 19 = -5*g - 6, -4*u = -q*g - 3. What are the prime factors of 24/u + (-9)/3?
3
Let r = 38 + 18. What are the prime factors of r?
2, 7
Let g be (2 + -4)/2*0. Suppose g = -o + 17 + 3. What are the prime factors of o?
2, 5
Suppose 4*q + 60 = -40. Let r = -8 - q. Suppose 38 = 3*b + 5*n, 0*b - 2*b + r = -5*n. List the prime factors of b.
11
Suppose 17 = -2*c - 1. Let o be (-84)/c - 4/(-6). Suppose o = 2*a - 6. List the prime factors of a.
2
Let u(c) = 45*c**2 - 3*c. Let z(x) = 23*x**2 - x. Let f(h) = -2*u(h) + 5*z(h). Let a be f(-1). Suppose 5*k + a - 74 = 0. List the prime factors of k.
2, 5
Suppose 2 = 3*x - 13. Suppose 2*a + 81 = -x*h, -h - 4*a - 7 = 20. List the prime factors of ((-12)/15)/(1/h).
2, 3
Suppose f = -2*r + 62 + 62, 2*f - 3*r - 220 = 0. What are the prime factors of f?
2, 29
Suppose -m = -2*m - 21. What are the prime factors of m/28 - 39/(-4)?
3
Let m = 64 - 41. Suppose 2*u = -u + 33. Let f = m - u. What are the prime factors of f?
2, 3
Let l(c) = c**3 + 17*c**2 + 17*c - 2. What are the prime factors of l(-14)?
2, 3, 29
Let p = 10 + -8. Suppose 75 = a + p*a. What are the prime factors of a?
5
Let y = 5 + -5. Suppose 0*n - n + 6 = y. What are the prime factors of n?
2, 3
Suppose 5*t = -0*t - 25. Let r be (-2)/t + 123/5. Let z = 36 - r. List the prime factors of z.
11
Suppose -3*r + 1 - 2 = -j, 0 = 3*j + 3*r + 57. List the prime factors of (-220)/j - 12/(-42).
2
Let g be 1/(4 + (-46)/12). Suppose 0 = 3*f - 2*p - 18, 12 = 3*f - f + 3*p. Let n = f + g. List the prime factors of n.
2, 3
Let w be (2 - -2)/(1/6). Suppose -l = -w + 1. What are the prime factors of l?
23
Let u(j) = j. Let l be u(4). Let d(t) = t**2 - 5*t - 6. Let r be d(8). Suppose -l*k + k = -r. What are the prime factors of k?
2, 3
Let h(k) = 2*k**2 - 3*k + 6. Let b be h(4). Suppose -l - l = -b. List the prime factors of l.
13
Suppose 12*a - 378 = 3*a. What are the prime factors of a?
2, 3, 7
Suppose 2*q = -4*c + 66, 9*c - 105 = 4*c + 2*q. What are the prime factors of c?
19
Suppose -5*q - 4*l = 53 - 265, 3*q - l - 134 = 0. List the prime factors of q.
2, 11
Let u(l) = 2*l**2 - 3*l - 3. Let c(g) = -3*g**2 + 2*g + 2. Let n(t) = -3*c(t) - 4*u(t). List the prime factors of n(-7).
13
Suppose -2*a + 1 = 13. Suppose -i - 14 = 4*t - 7, -5*t - 65 = 5*i. What are the prime factors of a/i + (-66)/(-10)?
7
Let d = -3 + 10. Suppose 0 = -d*m + 5*m + 10. Suppose 0 = -m*q - 13 + 43. What are the prime factors of q?
2, 3
Let v = 3 - 3. Suppose -f = 3*f - 5*j + 22, v = -2*j + 4. Let n(b) = -3*b. What are the prime factors of n(f)?
3
Let t(h) = -3 - 6*h + 2*h**2 - 5*h**2 - h**3 + 2*h**3. Let o be t(5). Suppose -43 = -2*c + 3*v - 8*v, -3*c + 2*v + o = 0. List the prime factors of c.
3
List the prime factors of (21 + 0 - -2) + 0.
23
Let n(z) = 11*z - 4. Suppose 4*v - 5*d - 32 = 0, 0 = -5*v - 2*d + 10 - 3. What are the prime factors of n(v)?
29
Let c = 5 + -3. Suppose -c*d + 80 = 2*d. Let j = d + -4. What are the prime factors of j?
2
Suppose 0 = -4*l + 5*l - 129. List the prime factors of l.
3, 43
Let o = 25 - -66. List the prime factors of o.
7, 13
Suppose 2*z = -3*z + 210. Suppose 6 = 2*o - z. List the prime factors of o.
2, 3
Suppose 3*d + n = 7, d + 6 = n - 3*n. Suppose -4 = -d*b + 3*b. Let f(a) = a**3 - 2*a**2 - 4*a + 2. What are the prime factors of f(b)?
2, 3
Let o(x) = 9*x - 9. List the prime factors of o(4).
3
Let z(i) = i**3 - 12*i**2 - 17*i + 1. What are the prime factors of z(14)?
5, 31
Suppose 5*s - 6 = 3*s. List the prime factors of -3 + 9/s + 25.
5
Let i(l) = l**3 - l**2 - l + 35. Let w be (-6)/21 - 10/(-35). List the prime factors of i(w).
5, 7
Let b(t) = -2*t - 1. Let j be b(-2). Suppose 3*n = -4*l + 21, -7*n = -j*n - l - 28. What are the prime factors of n?
7
Let g(b) = -7*b**3 - b**2 + 3*b + 4. List the prime factors of g(-2).
2, 5
What are the prime factors of 3 + (-3 - -15) - -4?
19
Suppose 2*p - 4 = b, b = 4*p - 0 - 6. Let q be 1/2 + (-31)/b. Let z = q + -11. What are the prime factors of z?
5
Let y(k) be the third derivative of -k**6/30 - k**4/24 - k**2. Let u be y(-1). Let r = u + 7. List the prime factors of r.
2, 3
Let a = -1 - -1. Suppose -f + 2 = -a*f. What are the prime factors of f?
2
Suppose -5*a + 200 = -65. What are the prime factors of a?
53
Let h = -2 - -2. Suppose h = p - 3 + 1. Suppose -8 = p*n - 22. What are the prime factors of n?
7
Let o = 0 + 6. Let n(h) = 4*h - 12. List the prime factors of n(o).
2, 3
Let r(o) = -o**3 - o**2 + o + 174. List the prime factors of r(0).
2, 3, 29
What are the prime factors of 174/(-9)*9/(-6)?
29
Let d be 2 + (3 - -3) + -3. Suppose -d*i - 13 = 42. Let b = -1 - i. List the prime factors of b.
2, 5
Let j(f) = -f + 5. Let v be 12*((-9)/(-6) - 1). Suppose h - 15 = -5*k, v - 38 = 4*h - 3*k. What are the prime factors of j(h)?
2, 5
Let p = -297 - -427. List the prime factors of p.
2, 5, 13
Let t be 10/2 + (-1 - -1). Suppose -30 = -2*z + t*a, a + 12 = -2*a. Suppose -5*c + z*i = -30, -10 = -5*c + 4*c + 5*i. List the prime factors of c.
5
Let w(j) = j**2 - 6. Let z be w(5). Suppose 2*b = 4*q - 10, q + 3*q - 3*b - 5 = 0. Suppose -3*k = 2*t - q, 2*k - z = -5*t - 1. List the prime factors of t.
2
Suppose 0 = -4*s - m + 7 + 13, 3*s = -2*m + 10. List the prime factors of (-3)/s*16/(-2).
2
Let h be 35/4 - 1/(-4). Let f(v) = v**2 + 3*v + 2. Let c be f(-2). List the prime factors of 15/h*3 + c.
5
Let t(c) = c - 3*c + 10 + 3*c + 7. Let x be (-1)/(-2)*48/(-2). What are the prime factors of t(x)?
5
Suppose 0 = -0*o + 5*o - 30. Let f be 1/(-3) + 326/o. Suppose f = 5*v - 4*z - 0*z, 9 = v + z. List the prime factors of v.
2, 5
Suppose -4*k - 3 = -c, -2*c - 5*k = 2*c - 12. Suppose 3*o + 3 + c = -3*f, -f - 14 = 4*o. Suppose f*s - 1 = d, 3*s - 6 = -d + 3. List the prime factors of s.
2
Let f(p) = -p**2 + 45. List the prime factors of f(0).
3, 5
Suppose -4*g = -9*g + 310. List the prime factors of g.
2, 31
Let r(q) = q - 5. Let h be r(7). Suppose -h*b - 3 + 9 = 0. List the prime factors of b.
3
What are the prime factors of 9/(-12) + 254/8?
31
Let s(a) = 43*a**3. List the prime factors of s(1).
43
Let u be (-5)/(-25) + 1/(-5). Let d be 4 - 2/(-2 + u). Suppose -d*a - 23 = -p, -2*a = -3*p - 2*p + 23. What are the prime factors of p?
3
Suppose g + 8 = 24. Let n(o) = 7*o**3 + 2*o**2 - o. Let p be n(1). Let k = g - p. List the prime factors of k.
2
Let g = 23 + -14. Suppose -g = 3*y, -5*c + c = -4*y - 168. What are the prime factors of c?
3, 13
Let m = -1 + 6. Suppose -2*q + q = -3*f + 17, -3*q = -2*f + 23. List the prime factors of 10 + q/(m/(-2)).
2, 3
Let r = 44 - 23. List the prime factors of r.
3, 7
Let j(m) = -m**3 - 6*m**2 - m - 3. Let y be j(-6). Suppose -3*g + y*h - 6 = -2*g, -h = -5*g + 12. What are the prime factors of g?
3
Suppose -b + 8 + 4 = 0. Let m = b + 3. What are the prime factors of m?
3, 5
Suppose 0 = -2*o - 2*y - 0 + 12, -3*o + 6 = -y. Suppose -o*h + 9 = p, 4*h + 12 + 6 = 2*p. List the prime factors of p.
3
Suppose 3*h